{"id":2015,"date":"2024-05-29T10:30:14","date_gmt":"2024-05-29T08:30:14","guid":{"rendered":"https:\/\/odisis.be\/?page_id=2015"},"modified":"2024-05-29T10:50:45","modified_gmt":"2024-05-29T08:50:45","slug":"caroline-alberty","status":"publish","type":"page","link":"https:\/\/odisis.be\/?page_id=2015","title":{"rendered":"Caroline Alberty"},"content":{"rendered":"\t\t<div data-elementor-type=\"wp-page\" data-elementor-id=\"2015\" class=\"elementor elementor-2015\">\n\t\t\t\t\n<div id=\"wp-block-themeisle-blocks-advanced-columns-b2a89d97\" class=\"wp-block-themeisle-blocks-advanced-columns has-1-columns has-desktop-equal-layout has-tablet-equal-layout has-mobile-equal-layout has-vertical-unset\">\n<div class=\"wp-block-themeisle-blocks-advanced-columns-overlay\">\u00a0<\/div>\n<div class=\"innerblocks-wrap\">\n<div id=\"wp-block-themeisle-blocks-advanced-column-eb2ec547\" class=\"wp-block-themeisle-blocks-advanced-column\">\n<p>Je me pr\u00e9sente, je suis <strong>CAROLINE<\/strong> <strong>ALBERTY<\/strong> , infirmi\u00e8re p\u00e9diatrique et nutrith\u00e9rapeute certifi\u00e9e du CFNA.<\/p>\n\n<p>Je suis \u00e9galement membre de l\u2019Union des nutrith\u00e9rapeutes francophones (UDNF)<\/p>\n\n<p>Le domaine de l\u2019alimentation m\u2019a toujours passionn\u00e9e et suite \u00e0 divers probl\u00e8mes de sant\u00e9, j\u2019ai d\u00e9couvert la nutrith\u00e9rapie.<\/p>\n\n<p>Cette discipline m\u2019a aid\u00e9e \u00e0 rebondir et \u00e0 ouvrir ma conscience \u00e0 une <strong>nouvelle approche de la sant\u00e9 et du bien-\u00eatre<\/strong> physique et mental.<\/p>\n\n<p><strong>Les maladies de civilisations<\/strong> explosent ( surpoids, diab\u00e8te, d\u00e9mences, cancers, pathologies cardio-vasculaires, \u2026) et derri\u00e8re cela, notre alimentation toujours plus inflammatoire !<\/p>\n\n<p><strong>Et pourtant, n\u2019est-ce pas le souhait de chacun de vieillir en bonne sant\u00e9 ?<\/strong><\/p>\n\n<p>J\u2019ai d\u00e9cid\u00e9 d\u2019en faire mon cheval de bataille.<\/p>\n\n<p><strong>Mon objectif <\/strong>est de vous partager mes connaissances et de vous accompagner, avec beaucoup de bienveillance, \u00e0 modifier en douceur votre assiette afin de trouver le bon <strong>\u00e9quilibre<\/strong> pour votre <strong>sant\u00e9<\/strong> et votre <strong>plaisir<\/strong>.<\/p>\n\n<p>Cette notion de plaisir est importante pour moi. Je ne vous proposerai pas de \u201cr\u00e9gime\u201dmais plut\u00f4t des recettes saines, color\u00e9es, pleines de saveurs.<\/p>\n\n<p>Au plaisir de vous rencontrer!<\/p>\n\n<p>Caroline<\/p>\n<\/div>\n<\/div>\n<\/div>\n\t\t\t\t\t\t\t\t<\/div>\n\t\t\t\t<\/div>\n\t\t\t\t<div class=\"elementor-element elementor-element-6815577 elementor-widget-divider--view-line elementor-widget elementor-widget-divider\" data-id=\"6815577\" data-element_type=\"widget\" data-e-type=\"widget\" data-widget_type=\"divider.default\">\n\t\t\t\t<div class=\"elementor-widget-container\">\n\t\t\t\t\t\t\t<div class=\"elementor-divider\">\n\t\t\t<span class=\"elementor-divider-separator\">\n\t\t\t\t\t\t<\/span>\n\t\t<\/div>\n\t\t\t\t\t\t<\/div>\n\t\t\t\t<\/div>\n\t\t\t\t\t<\/div>\n\t\t<\/div>\n\t\t\t\t\t<\/div>\n\t\t<\/section>\n\t\t\t\t<section class=\"elementor-section elementor-top-section elementor-element elementor-element-8c0f5f1 elementor-section-boxed elementor-section-height-default elementor-section-height-default\" data-id=\"8c0f5f1\" data-element_type=\"section\" data-e-type=\"section\">\n\t\t\t\t\t\t<div class=\"elementor-container elementor-column-gap-default\">\n\t\t\t\t\t<div class=\"elementor-column elementor-col-100 elementor-top-column elementor-element elementor-element-328fc39\" data-id=\"328fc39\" data-element_type=\"column\" data-e-type=\"column\">\n\t\t\t<div class=\"elementor-widget-wrap elementor-element-populated\">\n\t\t\t\t\t\t<div class=\"elementor-element elementor-element-603acc0 elementor-widget elementor-widget-text-editor\" data-id=\"603acc0\" data-element_type=\"widget\" data-e-type=\"widget\" data-widget_type=\"text-editor.default\">\n\t\t\t\t<div class=\"elementor-widget-container\">\n\t\t\t\t\t\t\t\t\t<p style=\"text-align: center;\">Prise de rendez-vous au <strong>0485 \/ 14 32 23\u00a0<\/strong><\/p>\t\t\t\t\t\t\t\t<\/div>\n\t\t\t\t<\/div>\n\t\t\t\t\t<\/div>\n\t\t<\/div>\n\t\t\t\t\t<\/div>\n\t\t<\/section>\n\t\t\t\t<section class=\"elementor-section elementor-top-section elementor-element elementor-element-5b3a528 elementor-section-boxed elementor-section-height-default elementor-section-height-default\" data-id=\"5b3a528\" data-element_type=\"section\" data-e-type=\"section\">\n\t\t\t\t\t\t<div class=\"elementor-container elementor-column-gap-default\">\n\t\t\t\t\t<div class=\"elementor-column elementor-col-100 elementor-top-column elementor-element elementor-element-aa7504d\" data-id=\"aa7504d\" data-element_type=\"column\" data-e-type=\"column\">\n\t\t\t<div class=\"elementor-widget-wrap elementor-element-populated\">\n\t\t\t\t\t\t<div class=\"elementor-element elementor-element-f7c0b40 elementor-align-center elementor-widget elementor-widget-button\" data-id=\"f7c0b40\" data-element_type=\"widget\" data-e-type=\"widget\" data-widget_type=\"button.default\">\n\t\t\t\t<div class=\"elementor-widget-container\">\n\t\t\t\t\t\t\t\t\t<div class=\"elementor-button-wrapper\">\n\t\t\t\t\t<a class=\"elementor-button elementor-button-link elementor-size-sm\" href=\"https:\/\/www.nutrihappy.eu\/\" target=\"_blank\">\n\t\t\t\t\t\t<span class=\"elementor-button-content-wrapper\">\n\t\t\t\t\t\t\t\t\t<span class=\"elementor-button-text\">Site internet<\/span>\n\t\t\t\t\t<\/span>\n\t\t\t\t\t<\/a>\n\t\t\t\t<\/div>\n\t\t\t\t\t\t\t\t<\/div>\n\t\t\t\t<\/div>\n\t\t\t\t\t<\/div>\n\t\t<\/div>\n\t\t\t\t\t<\/div>\n\t\t<\/section>\n\t\t\t\t<section class=\"elementor-section elementor-top-section elementor-element elementor-element-5c930ed5 elementor-section-boxed elementor-section-height-default elementor-section-height-default\" data-id=\"5c930ed5\" data-element_type=\"section\" data-e-type=\"section\">\n\t\t\t\t\t\t<div class=\"elementor-container elementor-column-gap-default\">\n\t\t\t\t\t<div class=\"elementor-column elementor-col-100 elementor-top-column elementor-element elementor-element-42b6a8c\" data-id=\"42b6a8c\" data-element_type=\"column\" data-e-type=\"column\">\n\t\t\t<div class=\"elementor-widget-wrap elementor-element-populated\">\n\t\t\t\t\t\t<div class=\"elementor-element elementor-element-43c26951 elementor-widget elementor-widget-text-editor\" data-id=\"43c26951\" data-element_type=\"widget\" data-e-type=\"widget\" data-widget_type=\"text-editor.default\">\n\t\t\t\t<div class=\"elementor-widget-container\">\n\t\t\t\t\t\t\t\t\t\n<div id=\"wp-block-themeisle-blocks-advanced-columns-b2a89d97\" class=\"wp-block-themeisle-blocks-advanced-columns has-1-columns has-desktop-equal-layout has-tablet-equal-layout has-mobile-equal-layout has-vertical-unset\">\n<div class=\"wp-block-themeisle-blocks-advanced-columns-overlay\">\u00a0<\/div>\n<div class=\"innerblocks-wrap\"><!-- wp:themeisle-blocks\/advanced-column {\"id\":\"wp-block-themeisle-blocks-advanced-column-eb2ec547\",\"padding\":{\"top\":\"10px\",\"bottom\":\"10px\",\"left\":\"10px\",\"right\":\"10px\"},\"paddingTablet\":{\"top\":null,\"bottom\":null,\"left\":null,\"right\":null},\"paddingMobile\":{\"top\":null,\"bottom\":null,\"left\":null,\"right\":null},\"margin\":{\"top\":\"20px\",\"bottom\":\"20px\",\"left\":\"0px\",\"right\":\"0px\"},\"marginTablet\":{\"top\":null,\"bottom\":null,\"left\":null,\"right\":null},\"marginMobile\":{\"top\":null,\"bottom\":null,\"left\":null,\"right\":null},\"backgroundPosition\":{\"x\":\"0.00\",\"y\":\"0.00\"},\"border\":{\"top\":\"0px\",\"bottom\":\"0px\",\"left\":\"0px\",\"right\":\"0px\"},\"borderColor\":\"#000000\",\"borderRadius\":{\"top\":\"0px\",\"bottom\":\"0px\",\"left\":\"0px\",\"right\":\"0px\"},\"columnWidth\":\"100\",\"className\":\"\",\"otterConditions\":[]} -->\n<div id=\"wp-block-themeisle-blocks-advanced-column-eb2ec547\" class=\"wp-block-themeisle-blocks-advanced-column\"><!-- wp:paragraph -->\n<p>Je me pr\u00e9sente, je suis <strong>CAROLINE<\/strong> <strong>ALBERTY<\/strong> , infirmi\u00e8re p\u00e9diatrique et nutrith\u00e9rapeute certifi\u00e9e du CFNA.<\/p>\n<!-- \/wp:paragraph --><!-- wp:paragraph -->\n<p>Je suis \u00e9galement membre de l\u2019Union des nutrith\u00e9rapeutes francophones (UDNF)<\/p>\n<!-- \/wp:paragraph --><!-- wp:paragraph -->\n<p>Le domaine de l\u2019alimentation m\u2019a toujours passionn\u00e9e et suite \u00e0 divers probl\u00e8mes de sant\u00e9, j\u2019ai d\u00e9couvert la nutrith\u00e9rapie.<\/p>\n<!-- \/wp:paragraph --><!-- wp:paragraph -->\n<p>Cette discipline m\u2019a aid\u00e9e \u00e0 rebondir et \u00e0 ouvrir ma conscience \u00e0 une <strong>nouvelle approche de la sant\u00e9 et du bien-\u00eatre<\/strong> physique et mental.<\/p>\n<!-- \/wp:paragraph --><!-- wp:paragraph -->\n<p><strong>Les maladies de civilisations<\/strong> explosent ( surpoids, diab\u00e8te, d\u00e9mences, cancers, pathologies cardio-vasculaires, \u2026) et derri\u00e8re cela, notre alimentation toujours plus inflammatoire !<\/p>\n<!-- \/wp:paragraph --><!-- wp:paragraph -->\n<p><strong>Et pourtant, n\u2019est-ce pas le souhait de chacun de vieillir en bonne sant\u00e9 ?<\/strong><\/p>\n<!-- \/wp:paragraph --><!-- wp:paragraph -->\n<p>J\u2019ai d\u00e9cid\u00e9 d\u2019en faire mon cheval de bataille.<\/p>\n<!-- \/wp:paragraph --><!-- wp:paragraph -->\n<p><strong>Mon objectif <\/strong>est de vous partager mes connaissances et de vous accompagner, avec beaucoup de bienveillance, \u00e0 modifier en douceur votre assiette afin de trouver le bon <strong>\u00e9quilibre<\/strong> pour votre <strong>sant\u00e9<\/strong> et votre <strong>plaisir<\/strong>.<\/p>\n<!-- \/wp:paragraph --><!-- wp:paragraph -->\n<p>Cette notion de plaisir est importante pour moi. Je ne vous proposerai pas de \u201cr\u00e9gime\u201dmais plut\u00f4t des recettes saines, color\u00e9es, pleines de saveurs.<\/p>\n<!-- \/wp:paragraph --><!-- wp:paragraph -->\n<p>Au plaisir de vous rencontrer!<\/p>\n<!-- \/wp:paragraph --><!-- wp:paragraph -->\n<p>Caroline<\/p>\n<\/div>\n<\/div>\n<\/div>\n<!-- \/wp:paragraph -->\t\t\t\t\t\t\t\t<\/div>\n\t\t\t\t<\/div>\n\t\t\t\t<div class=\"elementor-element elementor-element-6815577 elementor-widget-divider--view-line elementor-widget elementor-widget-divider\" data-id=\"6815577\" data-element_type=\"widget\" data-e-type=\"widget\" data-widget_type=\"divider.default\">\n\t\t\t\t<div class=\"elementor-widget-container\">\n\t\t\t\t\t\t\t<div class=\"elementor-divider\">\n\t\t\t<span class=\"elementor-divider-separator\">\n\t\t\t\t\t\t<\/span>\n\t\t<\/div>\n\t\t\t\t\t\t<\/div>\n\t\t\t\t<\/div>\n\t\t\t\t\t<\/div>\n\t\t<\/div>\n\t\t\t\t\t<\/div>\n\t\t<\/section>\n\t\t\t\t<section class=\"elementor-section elementor-top-section elementor-element elementor-element-8c0f5f1 elementor-section-boxed elementor-section-height-default elementor-section-height-default\" data-id=\"8c0f5f1\" data-element_type=\"section\" data-e-type=\"section\">\n\t\t\t\t\t\t<div class=\"elementor-container elementor-column-gap-default\">\n\t\t\t\t\t<div class=\"elementor-column elementor-col-100 elementor-top-column elementor-element elementor-element-328fc39\" data-id=\"328fc39\" data-element_type=\"column\" data-e-type=\"column\">\n\t\t\t<div class=\"elementor-widget-wrap elementor-element-populated\">\n\t\t\t\t\t\t<div class=\"elementor-element elementor-element-603acc0 elementor-widget elementor-widget-text-editor\" data-id=\"603acc0\" data-element_type=\"widget\" data-e-type=\"widget\" data-widget_type=\"text-editor.default\">\n\t\t\t\t<div class=\"elementor-widget-container\">\n\t\t\t\t\t\t\t\t\t<p style=\"text-align: center;\">Prise de rendez-vous au <strong>0485 \/ 14 32 23\u00a0<\/strong><\/p>\t\t\t\t\t\t\t\t<\/div>\n\t\t\t\t<\/div>\n\t\t\t\t\t<\/div>\n\t\t<\/div>\n\t\t\t\t\t<\/div>\n\t\t<\/section>\n\t\t\t\t<section class=\"elementor-section elementor-top-section elementor-element elementor-element-5b3a528 elementor-section-boxed elementor-section-height-default elementor-section-height-default\" data-id=\"5b3a528\" data-element_type=\"section\" data-e-type=\"section\">\n\t\t\t\t\t\t<div class=\"elementor-container elementor-column-gap-default\">\n\t\t\t\t\t<div class=\"elementor-column elementor-col-100 elementor-top-column elementor-element elementor-element-aa7504d\" data-id=\"aa7504d\" data-element_type=\"column\" data-e-type=\"column\">\n\t\t\t<div class=\"elementor-widget-wrap elementor-element-populated\">\n\t\t\t\t\t\t<div class=\"elementor-element elementor-element-f7c0b40 elementor-align-center elementor-widget elementor-widget-button\" data-id=\"f7c0b40\" data-element_type=\"widget\" data-e-type=\"widget\" data-widget_type=\"button.default\">\n\t\t\t\t<div class=\"elementor-widget-container\">\n\t\t\t\t\t\t\t\t\t<div class=\"elementor-button-wrapper\">\n\t\t\t\t\t<a class=\"elementor-button elementor-button-link elementor-size-sm\" href=\"https:\/\/www.nutrihappy.eu\/\" target=\"_blank\">\n\t\t\t\t\t\t<span class=\"elementor-button-content-wrapper\">\n\t\t\t\t\t\t\t\t\t<span class=\"elementor-button-text\">Site internet<\/span>\n\t\t\t\t\t<\/span>\n\t\t\t\t\t<\/a>\n\t\t\t\t<\/div>\n\t\t\t\t\t\t\t\t<\/div>\n\t\t\t\t<\/div>\n\t\t\t\t\t<\/div>\n\t\t<\/div>\n\t\t\t\t\t<\/div>\n\t\t<\/section>\n\t\t\t\t<\/div>\n\t\t","protected":false},"excerpt":{"rendered":"<p>\u00a0<\/p>\n","protected":false},"author":2,"featured_media":0,"parent":0,"menu_order":0,"comment_status":"closed","ping_status":"closed","template":"","meta":{"ocean_post_layout":"","ocean_both_sidebars_style":"","ocean_both_sidebars_content_width":0,"ocean_both_sidebars_sidebars_width":0,"ocean_sidebar":"","ocean_second_sidebar":"","ocean_disable_margins":"enable","ocean_add_body_class":"","ocean_shortcode_before_top_bar":"","ocean_shortcode_after_top_bar":"","ocean_shortcode_before_header":"","ocean_shortcode_after_header":"","ocean_has_shortcode":"","ocean_shortcode_after_title":"","ocean_shortcode_before_footer_widgets":"","ocean_shortcode_after_footer_widgets":"","ocean_shortcode_before_footer_bottom":"","ocean_shortcode_after_footer_bottom":"","ocean_display_top_bar":"default","ocean_display_header":"default","ocean_header_style":"","ocean_center_header_left_menu":"","ocean_custom_header_template":"","ocean_custom_logo":0,"ocean_custom_retina_logo":0,"ocean_custom_logo_max_width":0,"ocean_custom_logo_tablet_max_width":0,"ocean_custom_logo_mobile_max_width":0,"ocean_custom_logo_max_height":0,"ocean_custom_logo_tablet_max_height":0,"ocean_custom_logo_mobile_max_height":0,"ocean_header_custom_menu":"","ocean_menu_typo_font_family":"","ocean_menu_typo_font_subset":"","ocean_menu_typo_font_size":0,"ocean_menu_typo_font_size_tablet":0,"ocean_menu_typo_font_size_mobile":0,"ocean_menu_typo_font_size_unit":"px","ocean_menu_typo_font_weight":"","ocean_menu_typo_font_weight_tablet":"","ocean_menu_typo_font_weight_mobile":"","ocean_menu_typo_transform":"","ocean_menu_typo_transform_tablet":"","ocean_menu_typo_transform_mobile":"","ocean_menu_typo_line_height":0,"ocean_menu_typo_line_height_tablet":0,"ocean_menu_typo_line_height_mobile":0,"ocean_menu_typo_line_height_unit":"","ocean_menu_typo_spacing":0,"ocean_menu_typo_spacing_tablet":0,"ocean_menu_typo_spacing_mobile":0,"ocean_menu_typo_spacing_unit":"","ocean_menu_link_color":"","ocean_menu_link_color_hover":"","ocean_menu_link_color_active":"","ocean_menu_link_background":"","ocean_menu_link_hover_background":"","ocean_menu_link_active_background":"","ocean_menu_social_links_bg":"","ocean_menu_social_hover_links_bg":"","ocean_menu_social_links_color":"","ocean_menu_social_hover_links_color":"","ocean_disable_title":"default","ocean_disable_heading":"default","ocean_post_title":"","ocean_post_subheading":"","ocean_post_title_style":"","ocean_post_title_background_color":"","ocean_post_title_background":0,"ocean_post_title_bg_image_position":"","ocean_post_title_bg_image_attachment":"","ocean_post_title_bg_image_repeat":"","ocean_post_title_bg_image_size":"","ocean_post_title_height":0,"ocean_post_title_bg_overlay":0.5,"ocean_post_title_bg_overlay_color":"","ocean_disable_breadcrumbs":"default","ocean_breadcrumbs_color":"","ocean_breadcrumbs_separator_color":"","ocean_breadcrumbs_links_color":"","ocean_breadcrumbs_links_hover_color":"","ocean_display_footer_widgets":"default","ocean_display_footer_bottom":"default","ocean_custom_footer_template":"","_themeisle_gutenberg_block_has_review":false,"footnotes":""},"class_list":["post-2015","page","type-page","status-publish","hentry","entry"],"_links":{"self":[{"href":"https:\/\/odisis.be\/index.php?rest_route=\/wp\/v2\/pages\/2015","targetHints":{"allow":["GET"]}}],"collection":[{"href":"https:\/\/odisis.be\/index.php?rest_route=\/wp\/v2\/pages"}],"about":[{"href":"https:\/\/odisis.be\/index.php?rest_route=\/wp\/v2\/types\/page"}],"author":[{"embeddable":true,"href":"https:\/\/odisis.be\/index.php?rest_route=\/wp\/v2\/users\/2"}],"replies":[{"embeddable":true,"href":"https:\/\/odisis.be\/index.php?rest_route=%2Fwp%2Fv2%2Fcomments&post=2015"}],"version-history":[{"count":5,"href":"https:\/\/odisis.be\/index.php?rest_route=\/wp\/v2\/pages\/2015\/revisions"}],"predecessor-version":[{"id":2025,"href":"https:\/\/odisis.be\/index.php?rest_route=\/wp\/v2\/pages\/2015\/revisions\/2025"}],"wp:attachment":[{"href":"https:\/\/odisis.be\/index.php?rest_route=%2Fwp%2Fv2%2Fmedia&parent=2015"}],"curies":[{"name":"wp","href":"https:\/\/api.w.org\/{rel}","templated":true}]}}