{"id":2026,"date":"2024-05-29T10:55:16","date_gmt":"2024-05-29T08:55:16","guid":{"rendered":"https:\/\/odisis.be\/?page_id=2026"},"modified":"2024-05-29T11:00:30","modified_gmt":"2024-05-29T09:00:30","slug":"amelie-simon","status":"publish","type":"page","link":"https:\/\/odisis.be\/?page_id=2026","title":{"rendered":"Am\u00e9lie Simon"},"content":{"rendered":"\t\t<div data-elementor-type=\"wp-page\" data-elementor-id=\"2026\" class=\"elementor elementor-2026\">\n\t\t\t\t\t\t<section class=\"elementor-section elementor-top-section elementor-element elementor-element-3d313287 elementor-section-boxed elementor-section-height-default elementor-section-height-default\" data-id=\"3d313287\" data-element_type=\"section\" data-e-type=\"section\">\n\t\t\t\t\t\t<div class=\"elementor-container elementor-column-gap-default\">\n\t\t\t\t\t<div class=\"elementor-column elementor-col-100 elementor-top-column elementor-element elementor-element-29d36bb8\" data-id=\"29d36bb8\" data-element_type=\"column\" data-e-type=\"column\">\n\t\t\t<div class=\"elementor-widget-wrap elementor-element-populated\">\n\t\t\t\t\t\t<div class=\"elementor-element elementor-element-6aeca29f elementor-widget elementor-widget-text-editor\" data-id=\"6aeca29f\" data-element_type=\"widget\" data-e-type=\"widget\" data-widget_type=\"text-editor.default\">\n\t\t\t\t<div class=\"elementor-widget-container\">\n\t\t\t\t\t\t\t\t\t<p><span style=\"color: #697386; font-family: 'open sans', sans-serif; font-size: 14px; font-style: normal; font-variant-ligatures: normal; font-variant-caps: normal; font-weight: 400;\"><strong>Psychologue clinicienne et psychoth\u00e9rapeute<\/strong> orient\u00e9e vers la r\u00e9solution des probl\u00e8mes, sp\u00e9cialis\u00e9e en psychotraumatologie, Am\u00e9lie Simon est pr\u00e9sidente de l\u2019Institut Belge de Psychotraumatologie (BIP) et membre du Comit\u00e9 de l\u2019AFTD (Association Francophone du Trauma et de la Dissociation).<\/span><br style=\"color: #697386; font-family: 'open sans', sans-serif;\" \/><br style=\"color: #697386; font-family: 'open sans', sans-serif;\" \/><span style=\"color: #697386; font-family: 'open sans', sans-serif; font-size: 14px; font-style: normal; font-variant-ligatures: normal; font-variant-caps: normal; font-weight: 400;\">Elle fait partie du Comit\u00e9 de Pilotage du Certificat Universitaire en Psychotraumatologie (BIP-ULi\u00e8ge), et donne des formations et des stages concernant l\u2019hypnose, la th\u00e9rapie br\u00e8ve, la psychotraumatologie et la posture de l\u2019intervenant psychosocial dans le cadre d&rsquo;institutions publiques, universit\u00e9s et formations associatives et priv\u00e9es (BIP, Association scientifique de m\u00e9decine d\u2019assurance, H\u00f4pital Universitaire Des Enfants Reine Fabiola, Soci\u00e9t\u00e9 Royale de M\u00e9decine Mentale de Belgique, Soci\u00e9t\u00e9 InterN. de R\u00e9\u00e9ducation en Pelvi-P\u00e9rin\u00e9ologie, Centre Hospitalier Universitaire de Niort, Centre Hospitalier Sp\u00e9cialis\u00e9 de la Savoie, Centre de Pathologie Sexuelle Masculine, AKDT, CHC &#8211; LI\u00e8ge, CHU Brugmann, CHRU Brest &#8230;).<\/span><br style=\"color: #697386; font-family: 'open sans', sans-serif;\" \/><br style=\"color: #697386; font-family: 'open sans', sans-serif;\" \/><span style=\"color: #697386; font-family: 'open sans', sans-serif; font-size: 14px; font-style: normal; font-variant-ligatures: normal; font-variant-caps: normal; font-weight: 400;\">Sa philosophie de travail est orient\u00e9e vers l&rsquo;efficience pour la personne particuli\u00e8re qui consulte, et vers une autonomisation de celle-ci.<\/span><br style=\"color: #697386; font-family: 'open sans', sans-serif;\" \/><br style=\"color: #697386; font-family: 'open sans', sans-serif;\" \/><span style=\"color: #697386; font-family: 'open sans', sans-serif; font-size: 14px; font-style: normal; font-variant-ligatures: normal; font-variant-caps: normal; font-weight: 400;\">Form\u00e9e en syst\u00e9mique et en psychanalyse comme psychologue clinicienne (Universit\u00e9 Catholique de Louvain), praticienne certifi\u00e9e en th\u00e9rapie br\u00e8ve strat\u00e9gique (Institut Gregory Bateson, Virages) ainsi qu&rsquo;en hypnose \u00e9ricksonienne et conversationnelle et au traitement sp\u00e9cifique des psychotraumatismes (Institut Milton Erickson de Belgique, Emergences Fr, Mimethys Fr, Milton Erickson Foundation USA). Elle est en formation continue \u00e0 propos de la dissociation structurelle (post-traumatique) et des recherches et avanc\u00e9es r\u00e9centes en psychotraumatologie et dissociation.<\/span><br style=\"color: #697386; font-family: 'open sans', sans-serif;\" \/><br style=\"color: #697386; font-family: 'open sans', sans-serif;\" \/><span style=\"color: #697386; font-family: 'open sans', sans-serif; font-size: 14px; font-style: normal; font-variant-ligatures: normal; font-variant-caps: normal; font-weight: 400;\">Dans son travail clinique et p\u00e9dagogique, elle cherche constamment \u00e0 am\u00e9liorer et \u00e0 th\u00e9oriser les moyens psychoth\u00e9rapeutiques utiles pour les patients rencontr\u00e9s dans des probl\u00e9matiques sp\u00e9cifiques. Dans ses recherches progressives, le corps et l\u2019appr\u00e9hension des sensations et \u00e9motions qu\u2019il transmet sont envisag\u00e9s comme sources intarissables d\u2019informations et de potentiels de croissance pour l\u2019individu, et ce, tant en th\u00e9rapie qu\u2019en formation professionnelle.<\/span><\/p>\t\t\t\t\t\t\t\t<\/div>\n\t\t\t\t<\/div>\n\t\t\t\t\t<\/div>\n\t\t<\/div>\n\t\t\t\t\t<\/div>\n\t\t<\/section>\n\t\t\t\t<section class=\"elementor-section elementor-top-section elementor-element elementor-element-f646813 elementor-section-boxed elementor-section-height-default elementor-section-height-default\" data-id=\"f646813\" data-element_type=\"section\" data-e-type=\"section\">\n\t\t\t\t\t\t<div class=\"elementor-container elementor-column-gap-default\">\n\t\t\t\t\t<div class=\"elementor-column elementor-col-100 elementor-top-column elementor-element elementor-element-1ec25f0\" data-id=\"1ec25f0\" data-element_type=\"column\" data-e-type=\"column\">\n\t\t\t<div class=\"elementor-widget-wrap elementor-element-populated\">\n\t\t\t\t\t\t<div class=\"elementor-element elementor-element-29309c7 elementor-widget-divider--view-line elementor-widget elementor-widget-divider\" data-id=\"29309c7\" data-element_type=\"widget\" data-e-type=\"widget\" data-widget_type=\"divider.default\">\n\t\t\t\t<div class=\"elementor-widget-container\">\n\t\t\t\t\t\t\t<div class=\"elementor-divider\">\n\t\t\t<span class=\"elementor-divider-separator\">\n\t\t\t\t\t\t<\/span>\n\t\t<\/div>\n\t\t\t\t\t\t<\/div>\n\t\t\t\t<\/div>\n\t\t\t\t\t<\/div>\n\t\t<\/div>\n\t\t\t\t\t<\/div>\n\t\t<\/section>\n\t\t\t\t<section class=\"elementor-section elementor-top-section elementor-element elementor-element-825b2b3 elementor-section-boxed elementor-section-height-default elementor-section-height-default\" data-id=\"825b2b3\" data-element_type=\"section\" data-e-type=\"section\">\n\t\t\t\t\t\t<div class=\"elementor-container elementor-column-gap-default\">\n\t\t\t\t\t<div class=\"elementor-column elementor-col-100 elementor-top-column elementor-element elementor-element-551755f\" data-id=\"551755f\" data-element_type=\"column\" data-e-type=\"column\">\n\t\t\t<div class=\"elementor-widget-wrap elementor-element-populated\">\n\t\t\t\t\t\t<div class=\"elementor-element elementor-element-3b72c04 elementor-widget elementor-widget-text-editor\" data-id=\"3b72c04\" data-element_type=\"widget\" data-e-type=\"widget\" data-widget_type=\"text-editor.default\">\n\t\t\t\t<div class=\"elementor-widget-container\">\n\t\t\t\t\t\t\t\t\t<p style=\"text-align: center;\">Prise de rendez-vous mardi, jeudi et vendredi de 8h30 \u00e0 9h00 au <strong>0499 \/ 18 98 96\u00a0<\/strong><\/p>\t\t\t\t\t\t\t\t<\/div>\n\t\t\t\t<\/div>\n\t\t\t\t\t<\/div>\n\t\t<\/div>\n\t\t\t\t\t<\/div>\n\t\t<\/section>\n\t\t\t\t<section class=\"elementor-section elementor-top-section elementor-element elementor-element-974819b elementor-section-boxed elementor-section-height-default elementor-section-height-default\" data-id=\"974819b\" data-element_type=\"section\" data-e-type=\"section\">\n\t\t\t\t\t\t<div class=\"elementor-container elementor-column-gap-default\">\n\t\t\t\t\t<div class=\"elementor-column elementor-col-100 elementor-top-column elementor-element elementor-element-a5e4461\" data-id=\"a5e4461\" data-element_type=\"column\" data-e-type=\"column\">\n\t\t\t<div class=\"elementor-widget-wrap elementor-element-populated\">\n\t\t\t\t\t\t<div class=\"elementor-element elementor-element-46fe2f6 elementor-align-center elementor-widget elementor-widget-button\" data-id=\"46fe2f6\" data-element_type=\"widget\" data-e-type=\"widget\" data-widget_type=\"button.default\">\n\t\t\t\t<div class=\"elementor-widget-container\">\n\t\t\t\t\t\t\t\t\t<div class=\"elementor-button-wrapper\">\n\t\t\t\t\t<a class=\"elementor-button elementor-button-link elementor-size-sm\" href=\"https:\/\/www.tarasana.be\/\" target=\"_blank\">\n\t\t\t\t\t\t<span class=\"elementor-button-content-wrapper\">\n\t\t\t\t\t\t\t\t\t<span class=\"elementor-button-text\">Site internet<\/span>\n\t\t\t\t\t<\/span>\n\t\t\t\t\t<\/a>\n\t\t\t\t<\/div>\n\t\t\t\t\t\t\t\t<\/div>\n\t\t\t\t<\/div>\n\t\t\t\t\t<\/div>\n\t\t<\/div>\n\t\t\t\t\t<\/div>\n\t\t<\/section>\n\t\t\t\t<\/div>\n\t\t","protected":false},"excerpt":{"rendered":"<p>Psychologue clinicienne et psychoth\u00e9rapeute orient\u00e9e vers la r\u00e9solution des probl\u00e8mes, sp\u00e9cialis\u00e9e en psychotraumatologie, Am\u00e9lie Simon est pr\u00e9sidente de l\u2019Institut Belge de Psychotraumatologie (BIP) et membre du Comit\u00e9 de l\u2019AFTD (Association Francophone du Trauma et de la Dissociation).Elle fait partie du Comit\u00e9 de Pilotage du Certificat Universitaire en Psychotraumatologie (BIP-ULi\u00e8ge), et donne des formations et des [&hellip;]<\/p>\n","protected":false},"author":2,"featured_media":0,"parent":0,"menu_order":0,"comment_status":"closed","ping_status":"closed","template":"","meta":{"ocean_post_layout":"","ocean_both_sidebars_style":"","ocean_both_sidebars_content_width":0,"ocean_both_sidebars_sidebars_width":0,"ocean_sidebar":"","ocean_second_sidebar":"","ocean_disable_margins":"enable","ocean_add_body_class":"","ocean_shortcode_before_top_bar":"","ocean_shortcode_after_top_bar":"","ocean_shortcode_before_header":"","ocean_shortcode_after_header":"","ocean_has_shortcode":"","ocean_shortcode_after_title":"","ocean_shortcode_before_footer_widgets":"","ocean_shortcode_after_footer_widgets":"","ocean_shortcode_before_footer_bottom":"","ocean_shortcode_after_footer_bottom":"","ocean_display_top_bar":"default","ocean_display_header":"default","ocean_header_style":"","ocean_center_header_left_menu":"","ocean_custom_header_template":"","ocean_custom_logo":0,"ocean_custom_retina_logo":0,"ocean_custom_logo_max_width":0,"ocean_custom_logo_tablet_max_width":0,"ocean_custom_logo_mobile_max_width":0,"ocean_custom_logo_max_height":0,"ocean_custom_logo_tablet_max_height":0,"ocean_custom_logo_mobile_max_height":0,"ocean_header_custom_menu":"","ocean_menu_typo_font_family":"","ocean_menu_typo_font_subset":"","ocean_menu_typo_font_size":0,"ocean_menu_typo_font_size_tablet":0,"ocean_menu_typo_font_size_mobile":0,"ocean_menu_typo_font_size_unit":"px","ocean_menu_typo_font_weight":"","ocean_menu_typo_font_weight_tablet":"","ocean_menu_typo_font_weight_mobile":"","ocean_menu_typo_transform":"","ocean_menu_typo_transform_tablet":"","ocean_menu_typo_transform_mobile":"","ocean_menu_typo_line_height":0,"ocean_menu_typo_line_height_tablet":0,"ocean_menu_typo_line_height_mobile":0,"ocean_menu_typo_line_height_unit":"","ocean_menu_typo_spacing":0,"ocean_menu_typo_spacing_tablet":0,"ocean_menu_typo_spacing_mobile":0,"ocean_menu_typo_spacing_unit":"","ocean_menu_link_color":"","ocean_menu_link_color_hover":"","ocean_menu_link_color_active":"","ocean_menu_link_background":"","ocean_menu_link_hover_background":"","ocean_menu_link_active_background":"","ocean_menu_social_links_bg":"","ocean_menu_social_hover_links_bg":"","ocean_menu_social_links_color":"","ocean_menu_social_hover_links_color":"","ocean_disable_title":"default","ocean_disable_heading":"default","ocean_post_title":"","ocean_post_subheading":"","ocean_post_title_style":"","ocean_post_title_background_color":"","ocean_post_title_background":0,"ocean_post_title_bg_image_position":"","ocean_post_title_bg_image_attachment":"","ocean_post_title_bg_image_repeat":"","ocean_post_title_bg_image_size":"","ocean_post_title_height":0,"ocean_post_title_bg_overlay":0.5,"ocean_post_title_bg_overlay_color":"","ocean_disable_breadcrumbs":"default","ocean_breadcrumbs_color":"","ocean_breadcrumbs_separator_color":"","ocean_breadcrumbs_links_color":"","ocean_breadcrumbs_links_hover_color":"","ocean_display_footer_widgets":"default","ocean_display_footer_bottom":"default","ocean_custom_footer_template":"","_themeisle_gutenberg_block_has_review":false,"footnotes":""},"class_list":["post-2026","page","type-page","status-publish","hentry","entry"],"_links":{"self":[{"href":"https:\/\/odisis.be\/index.php?rest_route=\/wp\/v2\/pages\/2026","targetHints":{"allow":["GET"]}}],"collection":[{"href":"https:\/\/odisis.be\/index.php?rest_route=\/wp\/v2\/pages"}],"about":[{"href":"https:\/\/odisis.be\/index.php?rest_route=\/wp\/v2\/types\/page"}],"author":[{"embeddable":true,"href":"https:\/\/odisis.be\/index.php?rest_route=\/wp\/v2\/users\/2"}],"replies":[{"embeddable":true,"href":"https:\/\/odisis.be\/index.php?rest_route=%2Fwp%2Fv2%2Fcomments&post=2026"}],"version-history":[{"count":10,"href":"https:\/\/odisis.be\/index.php?rest_route=\/wp\/v2\/pages\/2026\/revisions"}],"predecessor-version":[{"id":2036,"href":"https:\/\/odisis.be\/index.php?rest_route=\/wp\/v2\/pages\/2026\/revisions\/2036"}],"wp:attachment":[{"href":"https:\/\/odisis.be\/index.php?rest_route=%2Fwp%2Fv2%2Fmedia&parent=2026"}],"curies":[{"name":"wp","href":"https:\/\/api.w.org\/{rel}","templated":true}]}}